mine a(2).
-8
Let y(r) = r**3 + r**2 - 4*r + 28. What is y(-4)?
-4
Let x(k) = -10*k - 10. What is x(0)?
-10
Let s(d) = d**3 - 9*d**2 + 17*d - 10. Determine s(7).
11
Let d(s) = -4*s + 49. Determine d(10).
9
Let k(b) = -3*b + 19. Give k(9).
-8
Let y(b) = -2*b**3 - b - 1. Calculate y(-2).
17
Let y(i) = -i**2 + 13*i - 22. Calculate y(13).
-22
Let b(u) = -4*u**3 + 3*u**2 + 4*u + 3. What is b(-2)?
39
Let h(d) = d**3 - 11*d**2 + d - 9. What is h(11)?
2
Let c(p) = p - 17. Calculate c(16).
-1
Let g(y) = -y**3 + 5*y**2 + 4*y - 1. What is g(6)?
-13
Let s(u) = -10*u + 82. Determine s(9).
-8
Let c(a) = -4*a. What is c(-8)?
32
Let q(a) = 2*a + 17. Determine q(0).
17
Let c(q) = q**2 + q. Determine c(0).
0
Let f(k) = -3*k**3 + k**2 - 4. What is f(2)?
-24
Let q(g) = -g**2 - 19*g + 31. Determine q(-15).
91
Let v(h) = -h + 3. Calculate v(6).
-3
Let k(w) = -4*w - 16. Give k(-13).
36
Let i(a) = a**3 - 2*a**2 + 2*a + 3. Calculate i(-2).
-17
Let o(t) = -2*t**3 + 34*t**2 + 48*t - 217. Give o(18).
-1
Let c(m) = -28*m**2 + 2*m + 3. Give c(-1).
-27
Let g(y) = y**3 - 12*y**2 + 39*y - 23. Calculate g(7).
5
Let c(s) = -s**2 - 20*s - 43. Give c(-18).
-7
Let u(m) = 9*m + 39. Calculate u(-3).
12
Let m(f) = 2*f**2 - 5*f - 3. What is m(-3)?
30
Let h(z) = -16*z + 10. Determine h(6).
-86
Let t(z) = z - 8. Give t(2).
-6
Let x(r) = r**3 - 8*r**2 + 5*r + 9. What is x(7)?
-5
Let c(y) = y + 24. What is c(-5)?
19
Let u(y) = -2*y + 9. Calculate u(-4).
17
Let v(q) = q**2 + 3*q - 4. Give v(0).
-4
Let v(g) = 9*g - 24. Give v(3).
3
Let i(t) = -t**2 + 3*t - 5. Give i(-4).
-33
Let t(m) = -m**3 - 12*m**2 - m - 5. Give t(-12).
7
Let b(u) = -2*u**2 - 64*u + 25. Give b(-32).
25
Let h(c) = -c**3 + 4*c**2 - 9*c - 1. Calculate h(5).
-71
Let j(c) = -c**3 + 6*c**2 - c - 8. Determine j(5).
12
Let v(f) = f**3 + 14*f**2 + 5*f + 8. Calculate v(-13).
112
Let w(o) = -o**2 + 12*o + 357. Give w(26).
-7
Let c(l) = -l**2 - 10*l + 30. Give c(-12).
6
Let q(x) = x**2 - 3*x + 3. What is q(-3)?
21
Let a(x) = 2*x + 30. Calculate a(-20).
-10
Let y(o) = -o**3 - 4*o**2 + 4*o - 10. Determine y(-5).
-5
Let h(d) = -8*d. Determine h(-1).
8
Let a(o) = o**3 + 15*o**2 + 28*o + 37. Calculate a(-13).
11
Let x(q) = -q**3 + 9*q**2 - 7*q - 1. Calculate x(7).
48
Let t(l) = -l**2 - 16*l + 16. Give t(-16).
16
Let s(r) = 2*r - 18. What is s(16)?
14
Let f(x) = -2*x**3 - 16*x**2 - 8*x - 31. Give f(-9).
203
Let v(j) = 7*j - 17. Determine v(5).
18
Let h(l) = 14*l + 374. Determine h(-29).
-32
Let l(n) = -60*n + 52. Give l(1).
-8
Let s(p) = -p**2 - 15*p + 16. What is s(-16)?
0
Let h(k) = k**3 + 10*k**2 - 2. Give h(-10).
-2
Let p(q) = -2*q + 44. Calculate p(14).
16
Let p(i) = -i**3 - 7*i**2 + 8*i + 52. Give p(-7).
-4
Let y(a) = -3*a + 3. What is y(4)?
-9
Let o(d) = -d**3 - 9*d**2 - 4*d - 32. What is o(-9)?
4
Let j(o) = 6*o - 3. Calculate j(5).
27
Let a(q) = -q**3 - 7*q**2 - 8*q + 1. What is a(-6)?
13
Let t(a) = a**3 - 20*a**2 - 2*a + 44. Give t(20).
4
Let i(v) = 40*v - 22. What is i(2)?
58
Let b(s) = 8*s - 48. Give b(7).
8
Let x(b) = 14*b - 35. Calculate x(3).
7
Let l(x) = 6*x - 11. Give l(5).
19
Let u(f) = -2*f**2 - 22*f - 1. Calculate u(-10).
19
Let s(p) = -p**3 - 3*p**2 - 2*p - 4. Give s(-3).
2
Let r(f) = -f**2 - 5*f + 22. Calculate r(-7).
8
Let u(x) = -x**2 - x + 3. Determine u(3).
-9
Let o(y) = -20*y - 31. Calculate o(-2).
9
Let o(m) = -2*m**2 + 15*m - 9. Give o(7).
-2
Let x(t) = -2*t**2 + 15*t + 60. What is x(10)?
10
Let n(q) = 24*q**2 + 4*q + 4. Determine n(-1).
24
Let z(u) = 3*u**2 + 40*u + 2. Determine z(-6).
-130
Let p(a) = -2*a**2 - 2*a - 28. Calculate p(-4).
-52
Let q(t) = 79*t + 5. Determine q(-1).
-74
Let k(b) = -b**2 + 7*b - 3. Determine k(3).
9
Let u(n) = -9*n + 173. Calculate u(21).
-16
Let j(f) = -f**3 - 13*f**2 + 13*f - 1. Give j(-14).
13
Let r(z) = -z**3 + 17*z**2 - z + 20. Determine r(17).
3
Let o(j) = 2*j + 1. What is o(3)?
7
Let g(j) = j**2 - 20*j - 40. What is g(18)?
-76
Let q(h) = -h + 2. Determine q(7).
-5
Let p(f) = -f**3 - 3*f**2 + 3*f. What is p(-3)?
-9
Let p(a) = 3*a - 29. Calculate p(9).
-2
Let g(z) = -z**2 - 11*z - 12. Calculate g(-9).
6
Let p(l) = -3*l**3 + 9*l**2 + 13*l - 11. What is p(4)?
-7
Let d(k) = -11*k - 213. Determine d(-18).
-15
Let k(s) = -s**3 + 3*s**2 + 109*s - 7. Determine k(12).
5
Let x(h) = 2*h**2 - 4*h. Calculate x(-2).
16
Let b(n) = n**2 - 18. What is b(0)?
-18
Let b(t) = -t**3 - 13*t**2 + 11*t - 25. Determine b(-14).
17
Let b(f) = -3*f + 11. Give b(-6).
29
Let o(y) = -4*y**2 - 35*y + 111. What is o(-11)?
12
Let x(v) = -143*v + 717. What is x(5)?
2
Let j(d) = -d**3 - 23*d**2 + 51*d + 19. Calculate j(-25).
-6
Let p(j) = -j - 23. Calculate p(-18).
-5
Let z(x) = 2*x - 4. Give z(6).
8
Let d(v) = -v**2 - 4*v + 2. What is d(-3)?
5
Let r(h) = h**3 + 2*h**2 - 15*h. Determine r(-5).
0
Let g(j) = 2*j - 13. Determine g(-26).
-65
Let m(h) = h**2 - 6*h. What is m(6)?
0
Let n(u) = u + 5. What is n(-9)?
-4
Let s(a) = -a + 1. Calculate s(-5).
6
Let s(p) = -6*p - 22. What is s(-5)?
8
Let p(v) = 32*v**3 - 1. Give p(1).
31
Let f(s) = s**2 - 24*s + 26. Calculate f(22).
-18
Let w(u) = 2*u + 36. Determine w(-22).
-8
Let c(s) = -s**2 - 2*s - 25. Determine c(0).
-25
Let u(o) = -o**2 - 20*o + 174. What is u(-27)?
-15
Let j(a) = 9*a + 9. Calculate j(-2).
-9
Let c(j) = -2*j**2 + j + 32. Determine c(4).
4
Let t(z) = -z**2 + 14*z - 35. What is t(12)?
-11
Let z(c) = 3*c + 2. Give z(-3).
-7
Let m(b) = 2*b + 9. What is m(-5)?
-1
Let p(k) = -k**3 + 6*k**2 + 8*k - 6. Determine p(6).
42
Let i(y) = y**3 + 19*y**2 + 18*y - 8. Give i(-18).
-8
Let p(v) = 6*v**2 + 29*v + 37. Give p(-2).
3
Let b(t) = -t**3 - 6*t**2 - 5. What is b(-6)?
-5
Let u(h) = -2*h**2 - h - 10. Give u(-3).
-25
Let a(o) = -o**3 - 14*o**2 - 45*o + 6. Calculate a(-9).
6
Let q(i) = i + 21. Determine q(-9).
12
Let u(d) = 6*d**2 + 2*d - 2. Give u(-2).
18
Let r(z) = z - 10. What is r(13)?
3
Let r(y) = 2*y**2 - 12*y + 8. What is r(8)?
40
Let c(k) = k**3 + 12*k**2 + 10*k - 3. What is c(-11)?
8
Let y(j) = -j**2 + 1. Give y(-3).
-8
Let q(r) = -17*r + 3. Give q(0).
3
Let k(s) = -s**2 - 7*s - 9. Determine k(-4).
3
Let z(b) = 2*b**2 - 3*b - 3. What is z(3)?
6
Let g(x) = x + 24. Calculate g(9).
33
Let j(z) = 2*z + 14. Give j(-8).
-2
Let r(l) = -l**3 - 2*l**2 - 2*l - 4. What is r(-4)?
36
Let n(x) = 2*x + 25. Give n(-13).
-1
Let i(v) = 10*v**2 - v - 1. Give i(2).
37
Let i(g) = -2*g**2 + 46*g + 58. Determine i(24).
10
Let i(c) = -c**3 + 9*c**2 - 11*c + 4. Give i(7).
25
Let v(c) = -2*c - 5. What is v(6)?
-17
Let l(m) = -9*m - 48. Calculate l(-6).
6
Let o(y) = 5*y**2 - 29*y + 7. Determine o(5).
-13
Let f(c) = -c**2 - c + 5. Give f(5).
-25
Let b(j) = -10*j - 106. Determine b(-10).
-6
Let r(p) = -p**3 - 15*p**2 + 2*p + 9. What is r(-15)?
-21
Let i(y) = -5*y**3 + 2*y**2 - 2*y + 1. What is i(1)?
-4
Let r(j) = 3*j + 22. What is r(0)?
22
Let x(o) = -o**2 - 13*o + 13. Give x(-7).
55
Let w(o) = 7*o**2 - 46*o + 20. Determine w(6).
-4
Let g(j) = -j - 17. What is g(-11)?
-6
Let a(p) = 4*p + 80. What is a(-23)?
-12
Let w(t) = t**2 - 9*t + 12. What is w(10)?
22
Let s(g) = 35*g + 105. Calculate s(-3).
0
Let s(l) = 2*l**2 + 12*l + 8. Determine s(-7).
22
Let z(k) = k**3 + 6*k**2 + 6*k - 3. Calculate z(-5).
-8
Let b(n) = -n**3 - 8*n**2 - 2*n - 12. What is b(-8)?
4
Let k(d) = -d**3 - 10*d**2 + 25*d + 19. What is k(-12)?
7
Let v(l) = l**2 - l - 8. What is v(0)?
-8
Let j(h) = h**2 - 20*h - 31. Calculate j(22).
13
Let v(w) = 2*w**2 - 57*w + 61. Give v(27).
-20
Let r(s) = -s**2 + 5*s - 9. What is r(6)?
-15
Let w(l) = l**3 + 2*l**2 - 4*l - 4. What is w(-3)?
-1
Let s(f) = -f**2 - 3*f - 4. What is s(7)?
-74
Let z(s) = 28*s - 331. Calculate z(12).
5
Let g(h) = -h**2 + 8*h + 87. Calculate g(14).
3
Let m(f) = -f**2 + 8*f + 16. Calculate m(11).
-17
Let m(k) = -2*k**3 + 7*k**2 + 16*k - 3. Give m(5).
2
Let d(v) = v**2 - 8*v - 8. Give d(9).
1
Let q(r) = r**3 + 13*r**2 + r + 8. What is q(-13)?
-5
Let a(f) = 4*f**3 - 2*f**2 + 2*f + 4. Calculate a(-2).
-40
Let d(b) = 4*b + 12. Give d(-5).
-8
Let r(c) = c**3 - 16*c**2 + 13*c + 17. Give r(15).
-13
Let k(m) = m**3 + 6*m**2 - 2*m + 2. Calculate k(-8).
-110
Let c(u) = -27*u + 35. Give c(1).
8
Let k(d) = d**3 - 5*d**2 - d + 8. Calculate k(3).
-13
Let i(r) = -12*r - 8. What is i(2)?
-32
Let m(s) = -6*s - 37. What is m(-7)?
5
Let c(m) = 2*m**2 + 2*m - 4. Calculate c(3